{"id":2,"date":"2012-02-27T18:13:48","date_gmt":"2012-02-27T18:13:48","guid":{"rendered":"http:\/\/despina-apostolou.com\/?page_id=2"},"modified":"2017-02-08T13:25:56","modified_gmt":"2017-02-08T13:25:56","slug":"beispiel-seite","status":"publish","type":"page","link":"https:\/\/despina-apostolou.com\/","title":{"rendered":"<!--:de-->Despina Apostolou<!--:--><!--:en-->Despina Apostolou<!--:-->"},"content":{"rendered":"<p><!--:de-->Die Pianistin<strong> Despina Apostolou<\/strong>\u00a0ist eine gefragte Solistin, Kammermusikerin und Korrepetitorin. Im Zuge ihrer internationalen Konzertt\u00e4tigkeit ist sie in ganz Europa, in S\u00fcdafrika und S\u00fcdamerika aufgetreten, sowie in renommierten S\u00e4len wie der Alten Oper Frankfurt, dem Gasteig M\u00fcnchen, dem Palais des Beaux Arts Br\u00fcssel, dem Theatre Royal Namur, den Halles Schaerbeek, dem Palacio de Bellas Artes in Mexico City und dem Teatro Municipal de las Condes in Santiago de Chile. Sie wurde in Thessaloniki geboren, studierte zun\u00e4chst am Neuen Konservatorium in Thessaloniki (Griechenland), an der Nationalen Musikakademie Sofia (Bulgarien) und schlie\u00dflich an der Hochschule f\u00fcr Musik und Darstellende Kunst in Frankfurt am Main. Zu ihren Lehrern geh\u00f6rten Stella Dimitrova, Catherine Vickers und Bernhard Wetz.<\/p>\n<p>Kammermusikalische Anregungen erhielt sie u.a. von Prof. R. Hoffmann, E. Feltz, F. Rieger, H. Buchberger, U.Wiget und S. Schilling. Sie hat an zahlreichen Klavier- und Kammermusik-Meisterkursen teilgenommen, u. a. bei P. B. Scoda, Julia und Konstantin Ganev, Nelly Ben Or, Lev Natochenny, S. Sargend, D. Evnouhidou und G. Hatzinikos.<br \/>\nDespina Apostolou-\u00a0ist ehemalige Stipendiatin des Rotary Clubs Frankfurt und wurde u.a. im Rahmen des vom Ensemble Modern ins Leben gerufenen Paxos-Festivals, vom Internationalen Kammermusik-Festival Niedersachsen und von der Onassis Stiftung gef\u00f6rdert.<\/p>\n<p>Ergebnisse ihres Interesses an neuen Formen der Konzertpraxis waren das szenische Konzert \u201emetaSchema- Alban Berg\u201c, das sie zusammen mit K\u00fcnstlern der Oper Frankfurt, dem Ensemble Modern Akademie, der Hochschule f\u00fcr Musik und Darstellende Kunst (Frankfurt) und dem Institut f\u00fcr Angewandte Theaterwissenschaft Giessen pr\u00e4sentierte, sowie die \u201eBibliothek des Vergessens\u201c &#8211; eine Ausstellung-Musik-Installation an der Goethe Uni \u00a0Frankfurt. Seit 2011 ist sie stellv. Vorsitzende der Frankfurter Gesellschaft f\u00fcr Neue Musik (FGNM) und Mitkuratorin der Konzertreihe \u201eFERNBEZIEHUNG\u201c. Musikf\u00f6rderung f\u00fcr die kommende Generation ist f\u00fcr die Pianistin ein sehr wichtiges Anliegen. Aus diesem Grund bet\u00e4tigt sie sich an dem Response Projekt, einem Projekt der HfMDK, welches bei Sch\u00fclerinnen und Sch\u00fclern den lebendigen Prozess der Begegnung und Auseinandersetzung mit Neuer Musik f\u00f6rdert.<\/p>\n<p>Despina Apostolou arbeitet regem\u00e4\u00dfig mit der Mezzo-Sopranistin Alexandra Gravas zusammen und ist au\u00dferdem an vielen anderen kammermusikalischen Projekten mit ausgezeichneten Musikern beteiligt. Sie arbeitete mit zahlreichen Solisten wie Emanuel Borok, Juanita Lascarro, Anne-Catherine Heinzmann, Christina Fassbender, Benoit Fromanger und Dimitar Ivanov zusammen. Zu Ihren Kammermusikpartnern geh\u00f6ren die Fl\u00f6tistin Natalia Gerakis und der Pianist Jeferson Samsonowski Ulbrich. Sie ist Mitgr\u00fcnderin des Ensembles <a href=\"http:\/\/www.klangdivers.com\/\">kLANGdIVERS<\/a>.<\/p>\n<p>Die Pianistin und Kammermusikerin wird auch als Korrepetitorin sehr gesch\u00e4tzt und hat Meisterkurse von Adras Adorjan, Anne Catherine Heinzmann, Oleg Poghanovski, Lars Bj\u00f6rnklaer, Nikos Nikopoulos und Vassilis Papavasiliou begleitet. Zudem war sie Korrepetitorin der Cyclades Musiksommerakademie 2009, bei den Flutemeetings 2006, 2007, 2009 und Rheinsberg 2010.<!--:--><!--:en-->The pianist <strong>Despina Apostolou<\/strong> is an internationally acclaimed soloist, chamber musician and r\u00e9p\u00e9titeur. She has had solo performances all over Europe, in South Africa, and South America, as well as at internationally acclaimed venues such as the Alte Oper Frankfurt, the Gasteig in Munich, the Palais des Beaux Arts in Brussels, the Theatre Royal in Namur, the Halles in Schaerbeek, the Palacio de Bellas Artes in Mexico City and the Teatro Municipal de las Condes in Santiago de Chile. Born in Thessaloniki, she studied at the New Conservatory of Thessaloniki, the National Academy of Music in Sofia, and the Frankfurt University of Music and Performing Arts. She has studied with Stella Dimitrova, Catherine Vickers, and Bernhard Wetz, among others.<\/p>\n<p>Professor R. Hoffmann, E. Feltz, F. Rieger, H. Buchberger, U.Wiget and S. Schilling were all sources of inspiration for her chamber music career. She has also taken part in a number of master classes in piano and chamber music, held by P. B. Scoda, Julia und Konstantin Ganev, Nelly Ben Or, Lev Natochenny, S. Sargend, D. Evnouhidou and G. Hatzinikos.<br \/>\nDespina Apostolou was awarded a scholarship by the Frankfurt Rotary Club and was supported by the Paxos Festival, founded by the Ensemble Modern, as well as the International Chamber Music Festival Niedersachsen, and the Onassis Foundation.<\/p>\n<p>Her interest in new forms of concert practice led her to present both the scenic concert &#8222;metaSchema &#8211; Alban Berg&#8220; &#8211; along with artists from the Frankfurt Opera, the Ensemble Modern Akademie, the\u00a0Frankfurt University of Music and Performing Arts\u00a0(HfMDK), and the Institute for Applied Theatre Studies in Giessen &#8211; and the &#8222;Bibliothek des Vergessens&#8220; (The Library of Forgetting) &#8211; an exhibition and music installation at the Goethe University in Frankfurt. In 2011, she took on the role of co-chairperson to the Frankfurter Gesellschaft f\u00fcr Neue Musik (FGNM) and co-curator of the concert series &#8222;FERNBEZIEHUNG&#8220;. Despina Apostolou takes a very active interest in the promotion of music education for the next generation. This has led her to participate in the Response project implemented by the HfMDK, which brings students in contact with new music.<\/p>\n<p>Despina Apostolour regularly performs with mezzo-soprano Alexandra Gravas and also takes part in many other chamber music projects with excellent performers. She has worked with a number of soloists, including Emanuel Borok, Juanita Lascarro, Anne-Catherine Heinzmann, Christina Fassbender, Benoit Fromanger, and Dimitar Ivanov. Her regular chamber music partners include the flautist Natalia Gerakis and the pianist Samsonowski Ulbrich. She co-founded the ensemble <a href=\"http:\/\/www.klangdivers.com\/\">kLANGdIVERS<\/a>.<\/p>\n<p>Besides her solo and chamber performances, Despina Apostolou is also much sought after as a r\u00e9p\u00e9titeur and has accompanied master classes by Adras Adorjan, Anne Catherine Heinzmann, Oleg Poghanovski, Lars Bj\u00f6rnklaer, Nikos Nikopoulos, and Vassilis Papavasiliou. In addition, she acted as a r\u00e9p\u00e9titeur at the Cyclades Musiksommerakademie in 2009, the Flutemeetings in 2006, 2007, and 2009 and in Rheinsberg in 2010.<!--:--><!--[if lt IE 9]><script>document.createElement('audio');<\/script><![endif]-->\n\t<div class=\"wp-playlist wp-audio-playlist wp-playlist-light\">\n\t\t\t<div class=\"wp-playlist-current-item\"><\/div>\n\t\t<audio controls=\"controls\" preload=\"none\" width=\"562\"\n\t\t\t><\/audio>\n\t<div class=\"wp-playlist-next\"><\/div>\n\t<div class=\"wp-playlist-prev\"><\/div>\n\t<noscript>\n\t<ol>\n\t\t<li><a href='https:\/\/despina-apostolou.com\/wp-content\/uploads\/2012\/05\/03-Titel-03-5.mp3'>Ligeti Sonatina I. - Samsonowski Apostolou Piano Duo<\/a><\/li><li><a href='https:\/\/despina-apostolou.com\/wp-content\/uploads\/2012\/05\/11-Titel-11-3.mp3'>Brahms Walzer op.39 Nr.6, Cis Dur - Samsonowski Apostolou Piano Duo<\/a><\/li><li><a href='https:\/\/despina-apostolou.com\/wp-content\/uploads\/2012\/05\/12-Titel-12-4.mp3'>Brahms Walzer op.39 Nr.11, h moll - Samsonowski Apostolou Piano Duo<\/a><\/li><li><a href='https:\/\/despina-apostolou.com\/wp-content\/uploads\/2012\/05\/15-Titel-15-4.mp3'>Happy Birthday - Samsonowski Apostolou Piano Duo<\/a><\/li><li><a href='https:\/\/despina-apostolou.com\/wp-content\/uploads\/2012\/05\/25-Titel-25.mp3'>Hadjidakis Nocturne - Despina Apostolou Klavier<\/a><\/li><li><a href='https:\/\/despina-apostolou.com\/wp-content\/uploads\/2012\/05\/26-Titel-26.mp3'>Hadjidakis Grand Sousta - Despina Apostolou Klavier<\/a><\/li>\t<\/ol>\n\t<\/noscript>\n\t<script type=\"application\/json\" class=\"wp-playlist-script\">{\"type\":\"audio\",\"tracklist\":true,\"tracknumbers\":true,\"images\":true,\"artists\":true,\"tracks\":[{\"src\":\"https:\\\/\\\/despina-apostolou.com\\\/wp-content\\\/uploads\\\/2012\\\/05\\\/03-Titel-03-5.mp3\",\"type\":\"audio\\\/mpeg\",\"title\":\"Ligeti Sonatina I. - Samsonowski Apostolou Piano Duo\",\"caption\":\"Ligeti Sonatina I. - Samsonowski Apostolou Piano Duo\",\"description\":\"Ligeti Sonatina I. - Samsonowski Apostolou Piano Duo\",\"meta\":[],\"image\":{\"src\":\"https:\\\/\\\/despina-apostolou.com\\\/wp-includes\\\/images\\\/media\\\/audio.svg\",\"width\":48,\"height\":64},\"thumb\":{\"src\":\"https:\\\/\\\/despina-apostolou.com\\\/wp-includes\\\/images\\\/media\\\/audio.svg\",\"width\":48,\"height\":64}},{\"src\":\"https:\\\/\\\/despina-apostolou.com\\\/wp-content\\\/uploads\\\/2012\\\/05\\\/11-Titel-11-3.mp3\",\"type\":\"audio\\\/mpeg\",\"title\":\"Brahms Walzer op.39 Nr.6, Cis Dur - Samsonowski Apostolou Piano Duo\",\"caption\":\"Brahms Walzer op.39 Nr.6, Cis Dur - Samsonowski Apostolou Piano Duo\",\"description\":\"Brahms Walzer op.39 Nr.6, Cis Dur - Samsonowski Apostolou Piano Duo\",\"meta\":[],\"image\":{\"src\":\"https:\\\/\\\/despina-apostolou.com\\\/wp-includes\\\/images\\\/media\\\/audio.svg\",\"width\":48,\"height\":64},\"thumb\":{\"src\":\"https:\\\/\\\/despina-apostolou.com\\\/wp-includes\\\/images\\\/media\\\/audio.svg\",\"width\":48,\"height\":64}},{\"src\":\"https:\\\/\\\/despina-apostolou.com\\\/wp-content\\\/uploads\\\/2012\\\/05\\\/12-Titel-12-4.mp3\",\"type\":\"audio\\\/mpeg\",\"title\":\"Brahms Walzer op.39 Nr.11, h moll - Samsonowski Apostolou Piano Duo\",\"caption\":\"Brahms Walzer op.39 Nr.11, h moll - Samsonowski Apostolou Piano Duo\",\"description\":\"Brahms Walzer op.39 Nr.11, h moll - Samsonowski Apostolou Piano Duo\",\"meta\":[],\"image\":{\"src\":\"https:\\\/\\\/despina-apostolou.com\\\/wp-includes\\\/images\\\/media\\\/audio.svg\",\"width\":48,\"height\":64},\"thumb\":{\"src\":\"https:\\\/\\\/despina-apostolou.com\\\/wp-includes\\\/images\\\/media\\\/audio.svg\",\"width\":48,\"height\":64}},{\"src\":\"https:\\\/\\\/despina-apostolou.com\\\/wp-content\\\/uploads\\\/2012\\\/05\\\/15-Titel-15-4.mp3\",\"type\":\"audio\\\/mpeg\",\"title\":\"Happy Birthday - Samsonowski Apostolou Piano Duo\",\"caption\":\"Happy Birthday - Samsonowski Apostolou Piano Duo\",\"description\":\"Happy Birthday - Samsonowski Apostolou Piano Duo\",\"meta\":[],\"image\":{\"src\":\"https:\\\/\\\/despina-apostolou.com\\\/wp-includes\\\/images\\\/media\\\/audio.svg\",\"width\":48,\"height\":64},\"thumb\":{\"src\":\"https:\\\/\\\/despina-apostolou.com\\\/wp-includes\\\/images\\\/media\\\/audio.svg\",\"width\":48,\"height\":64}},{\"src\":\"https:\\\/\\\/despina-apostolou.com\\\/wp-content\\\/uploads\\\/2012\\\/05\\\/25-Titel-25.mp3\",\"type\":\"audio\\\/mpeg\",\"title\":\"Hadjidakis Nocturne - Despina Apostolou Klavier\",\"caption\":\"Hadjidakis Nocturne - Despina Apostolou Klavier\",\"description\":\"Hadjidakis Nocturne - Despina Apostolou Klavier\",\"meta\":[],\"image\":{\"src\":\"https:\\\/\\\/despina-apostolou.com\\\/wp-includes\\\/images\\\/media\\\/audio.svg\",\"width\":48,\"height\":64},\"thumb\":{\"src\":\"https:\\\/\\\/despina-apostolou.com\\\/wp-includes\\\/images\\\/media\\\/audio.svg\",\"width\":48,\"height\":64}},{\"src\":\"https:\\\/\\\/despina-apostolou.com\\\/wp-content\\\/uploads\\\/2012\\\/05\\\/26-Titel-26.mp3\",\"type\":\"audio\\\/mpeg\",\"title\":\"Hadjidakis Grand Sousta - Despina Apostolou Klavier\",\"caption\":\"Hadjidakis Grand Sousta - Despina Apostolou Klavier\",\"description\":\"Hadjidakis Grand Sousta - Despina Apostolou Klavier\",\"meta\":[],\"image\":{\"src\":\"https:\\\/\\\/despina-apostolou.com\\\/wp-includes\\\/images\\\/media\\\/audio.svg\",\"width\":48,\"height\":64},\"thumb\":{\"src\":\"https:\\\/\\\/despina-apostolou.com\\\/wp-includes\\\/images\\\/media\\\/audio.svg\",\"width\":48,\"height\":64}}]}<\/script>\n<\/div>\n\t<\/p>\n","protected":false},"excerpt":{"rendered":"<p>Die Pianistin Despina Apostolou\u00a0ist eine gefragte Solistin, Kammermusikerin und Korrepetitorin. Im Zuge ihrer internationalen Konzertt\u00e4tigkeit ist sie in ganz Europa, in S\u00fcdafrika und S\u00fcdamerika aufgetreten, sowie in renommierten S\u00e4len wie der Alten Oper Frankfurt, dem Gasteig M\u00fcnchen, dem Palais des &hellip; <a href=\"https:\/\/despina-apostolou.com\/\">Weiterlesen <span class=\"meta-nav\">&rarr;<\/span><\/a><\/p>\n","protected":false},"author":1,"featured_media":0,"parent":0,"menu_order":0,"comment_status":"closed","ping_status":"closed","template":"","meta":{"footnotes":""},"class_list":["post-2","page","type-page","status-publish","hentry"],"_links":{"self":[{"href":"https:\/\/despina-apostolou.com\/index.php?rest_route=\/wp\/v2\/pages\/2"}],"collection":[{"href":"https:\/\/despina-apostolou.com\/index.php?rest_route=\/wp\/v2\/pages"}],"about":[{"href":"https:\/\/despina-apostolou.com\/index.php?rest_route=\/wp\/v2\/types\/page"}],"author":[{"embeddable":true,"href":"https:\/\/despina-apostolou.com\/index.php?rest_route=\/wp\/v2\/users\/1"}],"replies":[{"embeddable":true,"href":"https:\/\/despina-apostolou.com\/index.php?rest_route=%2Fwp%2Fv2%2Fcomments&post=2"}],"version-history":[{"count":31,"href":"https:\/\/despina-apostolou.com\/index.php?rest_route=\/wp\/v2\/pages\/2\/revisions"}],"predecessor-version":[{"id":514,"href":"https:\/\/despina-apostolou.com\/index.php?rest_route=\/wp\/v2\/pages\/2\/revisions\/514"}],"wp:attachment":[{"href":"https:\/\/despina-apostolou.com\/index.php?rest_route=%2Fwp%2Fv2%2Fmedia&parent=2"}],"curies":[{"name":"wp","href":"https:\/\/api.w.org\/{rel}","templated":true}]}}